{"id":1083,"date":"2019-01-23T06:31:31","date_gmt":"2019-01-23T06:31:31","guid":{"rendered":"https:\/\/valerjanromanovski.pl\/mojadrogadorekordu\/about-us\/"},"modified":"2022-12-13T13:35:42","modified_gmt":"2022-12-13T13:35:42","slug":"about-us","status":"publish","type":"page","link":"https:\/\/valerjanromanovski.pl\/mojadrogadorekordu\/about-us\/","title":{"rendered":"About Us"},"content":{"rendered":"\t\t<div data-elementor-type=\"wp-post\" data-elementor-id=\"1083\" class=\"elementor elementor-1083\">\n\t\t\t\t\t\t\t\t\t<section class=\"elementor-section elementor-top-section elementor-element elementor-element-6ccdc95 elementor-section-content-middle elementor-section-boxed elementor-section-height-default elementor-section-height-default\" data-id=\"6ccdc95\" data-element_type=\"section\" data-settings=\"{&quot;background_background&quot;:&quot;classic&quot;}\">\n\t\t\t\t\t\t\t<div class=\"elementor-background-overlay\"><\/div>\n\t\t\t\t\t\t\t<div class=\"elementor-container elementor-column-gap-no\">\n\t\t\t\t\t<div class=\"elementor-column elementor-col-100 elementor-top-column elementor-element elementor-element-4f6adc0\" data-id=\"4f6adc0\" data-element_type=\"column\">\n\t\t\t<div class=\"elementor-widget-wrap elementor-element-populated\">\n\t\t\t\t\t\t\t\t\t<\/div>\n\t\t<\/div>\n\t\t\t\t\t\t\t<\/div>\n\t\t<\/section>\n\t\t\t\t<section class=\"elementor-section elementor-top-section elementor-element elementor-element-4a5d220 elementor-section-boxed elementor-section-height-default elementor-section-height-default\" data-id=\"4a5d220\" data-element_type=\"section\">\n\t\t\t\t\t\t<div class=\"elementor-container elementor-column-gap-no\">\n\t\t\t\t\t<div class=\"elementor-column elementor-col-33 elementor-top-column elementor-element elementor-element-737ec4c\" data-id=\"737ec4c\" data-element_type=\"column\">\n\t\t\t<div class=\"elementor-widget-wrap elementor-element-populated\">\n\t\t\t\t\t\t\t\t<div class=\"elementor-element elementor-element-28e7773 elementor-widget elementor-widget-image\" data-id=\"28e7773\" data-element_type=\"widget\" data-widget_type=\"image.default\">\n\t\t\t\t<div class=\"elementor-widget-container\">\n\t\t\t<style>\/*! elementor - v3.8.0 - 30-10-2022 *\/\n.elementor-widget-image{text-align:center}.elementor-widget-image a{display:inline-block}.elementor-widget-image a img[src$=\".svg\"]{width:48px}.elementor-widget-image img{vertical-align:middle;display:inline-block}<\/style>\t\t\t\t\t\t\t\t\t<figure class=\"wp-caption\">\n\t\t\t\t\t\t\t\t\t\t<img decoding=\"async\" width=\"387\" height=\"441\" src=\"https:\/\/valerjanromanovski.pl\/mojadrogadorekordu\/wp-content\/uploads\/2022\/11\/2022-11-06-17_34_14-Valerjan-Romanowski-Okladka-DRUK.pdf-Adobe-Acrobat-Reader-64-bit.png\" class=\"attachment-large size-large\" alt=\"\" loading=\"lazy\" srcset=\"https:\/\/valerjanromanovski.pl\/mojadrogadorekordu\/wp-content\/uploads\/2022\/11\/2022-11-06-17_34_14-Valerjan-Romanowski-Okladka-DRUK.pdf-Adobe-Acrobat-Reader-64-bit.png 387w, https:\/\/valerjanromanovski.pl\/mojadrogadorekordu\/wp-content\/uploads\/2022\/11\/2022-11-06-17_34_14-Valerjan-Romanowski-Okladka-DRUK.pdf-Adobe-Acrobat-Reader-64-bit-300x342.png 300w, https:\/\/valerjanromanovski.pl\/mojadrogadorekordu\/wp-content\/uploads\/2022\/11\/2022-11-06-17_34_14-Valerjan-Romanowski-Okladka-DRUK.pdf-Adobe-Acrobat-Reader-64-bit-263x300.png 263w\" sizes=\"(max-width: 387px) 100vw, 387px\" \/>\t\t\t\t\t\t\t\t\t\t\t<figcaption class=\"widget-image-caption wp-caption-text\">dr in\u017c. Valerjan Romanovski<\/figcaption>\n\t\t\t\t\t\t\t\t\t\t<\/figure>\n\t\t\t\t\t\t\t\t\t<\/div>\n\t\t\t\t<\/div>\n\t\t\t\t\t<\/div>\n\t\t<\/div>\n\t\t\t\t<div class=\"elementor-column elementor-col-66 elementor-top-column elementor-element elementor-element-e6bc9af\" data-id=\"e6bc9af\" data-element_type=\"column\">\n\t\t\t<div class=\"elementor-widget-wrap elementor-element-populated\">\n\t\t\t\t\t\t\t\t<div class=\"elementor-element elementor-element-8bf9f70 elementor-widget elementor-widget-text-editor\" data-id=\"8bf9f70\" data-element_type=\"widget\" data-widget_type=\"text-editor.default\">\n\t\t\t\t<div class=\"elementor-widget-container\">\n\t\t\t<style>\/*! elementor - v3.8.0 - 30-10-2022 *\/\n.elementor-widget-text-editor.elementor-drop-cap-view-stacked .elementor-drop-cap{background-color:#818a91;color:#fff}.elementor-widget-text-editor.elementor-drop-cap-view-framed .elementor-drop-cap{color:#818a91;border:3px solid;background-color:transparent}.elementor-widget-text-editor:not(.elementor-drop-cap-view-default) .elementor-drop-cap{margin-top:8px}.elementor-widget-text-editor:not(.elementor-drop-cap-view-default) .elementor-drop-cap-letter{width:1em;height:1em}.elementor-widget-text-editor .elementor-drop-cap{float:left;text-align:center;line-height:1;font-size:50px}.elementor-widget-text-editor .elementor-drop-cap-letter{display:inline-block}<\/style>\t\t\t\t<p><\/p>\n<p>Urodzi\u0142em si\u0119 na Wilenszczy\u017anie w 1974 roku, w polskiej rodzinie. Od 1992 roku mieszkam w Polsce. Zmiany ustrojowe, rozpad ZSRR spowodowa\u0142y przerwanie mojej edukacji. Na Litwie sko\u0144czy\u0142em technikum rolnicze i zdoby\u0142em zaw\u00f3d technik weterynarii. T\u0119sknota za edukacj\u0105 by\u0142a nie do zniesienia, dlatego w 2009 roku rozpoczyna studia na SGGW w Warszawie, na wydziale Technologii Drewna. Na studiach mog\u0142em rozwija\u0107 swoj\u0105 pasj\u0119 pracy w drewnie. Po 11 latach edukacji nauk\u0119 ko\u0144cz\u0119 z tytu\u0142em naukowym doktora. Obecnie jestem specjalist\u0105 z zakresu technologii drewna oraz pod\u0142\u00f3g drewnianych.<\/p>\n<p>Zawsze mnie fascynowa\u0142 ludzki umys\u0142, jaki ma potencja\u0142. Praca na cia\u0142em i w\u0142asnym umys\u0142em pozwoli\u0142a zrealizowa\u0107 kilkana\u015bcie projekt\u00f3w sportowych oraz wypraw do Jakucji i Laponii. Cz\u0119\u015b\u0107 rekord\u00f3w rowerowych by\u0142a uznana przez siedzib\u0119 Guinessa. Ostatnio skupiam si\u0119 na wp\u0142ywie zimna na nasze cia\u0142o. Widz\u0119 pewn\u0105 zale\u017cno\u015b\u0107, kt\u00f3ra pozwala osi\u0105ga\u0107 w zimnie ponadprzeci\u0119tne rezultaty. Zale\u017cno\u015b\u0107 polega na osi\u0105gni\u0119ciu r\u00f3wnowagi pomi\u0119dzy umys\u0142em a cia\u0142em. Uzyskana r\u00f3wnowaga pozwala nie walczy\u0107 z samym sob\u0105, lecz wsp\u00f3\u0142pracowa\u0107 ze swoim cia\u0142em jaki i umys\u0142em. W 2021 roku, 23 pa\u017adziernika pobi\u0142em w Wilnie kolejny rekord Guinessa w najd\u0142u\u017cszym przebywaniu w lodzie ( Longest duration full body contact with ice), przekraczaj\u0105c czas pobytu 3 godzin. Zdobytym do\u015bwiadczeniem uzyskanym podczas realizowania wszelkich wyzwa\u0144, dziel\u0119 si\u0119 z osobami, kt\u00f3re chc\u0119 \u015bwiadomie obcowa\u0107 z zimnem.<\/p>\n<p><\/p>\t\t\t\t\t\t<\/div>\n\t\t\t\t<\/div>\n\t\t\t\t\t<\/div>\n\t\t<\/div>\n\t\t\t\t\t\t\t<\/div>\n\t\t<\/section>\n\t\t\t\t\t\t\t<\/div>\n\t\t","protected":false},"excerpt":{"rendered":"<p>dr in\u017c. Valerjan Romanovski Urodzi\u0142em si\u0119 na Wilenszczy\u017anie w 1974 roku, w polskiej rodzinie. Od 1992 roku mieszkam w Polsce. Zmiany ustrojowe, rozpad ZSRR spowodowa\u0142y przerwanie mojej edukacji. Na Litwie sko\u0144czy\u0142em technikum rolnicze i zdoby\u0142em zaw\u00f3d technik weterynarii. T\u0119sknota za edukacj\u0105 by\u0142a nie do zniesienia, dlatego w 2009 roku rozpoczyna studia na SGGW w Warszawie, &hellip;<\/p>\n<p class=\"read-more\"> <a class=\"\" href=\"https:\/\/valerjanromanovski.pl\/mojadrogadorekordu\/about-us\/\"> <span class=\"screen-reader-text\">About Us<\/span> Read More &raquo;<\/a><\/p>\n","protected":false},"author":1,"featured_media":0,"parent":0,"menu_order":0,"comment_status":"closed","ping_status":"closed","template":"","meta":{"site-sidebar-layout":"no-sidebar","site-content-layout":"page-builder","ast-global-header-display":"","ast-main-header-display":"","ast-hfb-above-header-display":"","ast-hfb-below-header-display":"","ast-hfb-mobile-header-display":"","site-post-title":"disabled","ast-breadcrumbs-content":"","ast-featured-img":"disabled","footer-sml-layout":"","theme-transparent-header-meta":"enabled","adv-header-id-meta":"","stick-header-meta":"","header-above-stick-meta":"","header-main-stick-meta":"","header-below-stick-meta":""},"_links":{"self":[{"href":"https:\/\/valerjanromanovski.pl\/mojadrogadorekordu\/wp-json\/wp\/v2\/pages\/1083"}],"collection":[{"href":"https:\/\/valerjanromanovski.pl\/mojadrogadorekordu\/wp-json\/wp\/v2\/pages"}],"about":[{"href":"https:\/\/valerjanromanovski.pl\/mojadrogadorekordu\/wp-json\/wp\/v2\/types\/page"}],"author":[{"embeddable":true,"href":"https:\/\/valerjanromanovski.pl\/mojadrogadorekordu\/wp-json\/wp\/v2\/users\/1"}],"replies":[{"embeddable":true,"href":"https:\/\/valerjanromanovski.pl\/mojadrogadorekordu\/wp-json\/wp\/v2\/comments?post=1083"}],"version-history":[{"count":22,"href":"https:\/\/valerjanromanovski.pl\/mojadrogadorekordu\/wp-json\/wp\/v2\/pages\/1083\/revisions"}],"predecessor-version":[{"id":2137,"href":"https:\/\/valerjanromanovski.pl\/mojadrogadorekordu\/wp-json\/wp\/v2\/pages\/1083\/revisions\/2137"}],"wp:attachment":[{"href":"https:\/\/valerjanromanovski.pl\/mojadrogadorekordu\/wp-json\/wp\/v2\/media?parent=1083"}],"curies":[{"name":"wp","href":"https:\/\/api.w.org\/{rel}","templated":true}]}}